{"id":64,"date":"2017-11-10T11:17:12","date_gmt":"2017-11-10T11:17:12","guid":{"rendered":"http:\/\/xn--yogazentrum-nrnberg-ibc.de\/?page_id=64"},"modified":"2025-11-30T15:20:43","modified_gmt":"2025-11-30T15:20:43","slug":"qualitaet","status":"publish","type":"page","link":"https:\/\/xn--yogazentrum-nrnberg-ibc.de\/?page_id=64","title":{"rendered":"\u00dcber uns"},"content":{"rendered":"\t\t<div data-elementor-type=\"wp-page\" data-elementor-id=\"64\" class=\"elementor elementor-64\">\n\t\t\t\t<div class=\"elementor-element elementor-element-3c912b2 e-con-full e-flex wpr-particle-no wpr-jarallax-no wpr-parallax-no wpr-sticky-section-no wpr-equal-height-no e-con e-parent\" data-id=\"3c912b2\" data-element_type=\"container\" data-e-type=\"container\">\n\t\t<div class=\"elementor-element elementor-element-c11c9d8 e-con-full e-flex wpr-particle-no wpr-jarallax-no wpr-parallax-no wpr-sticky-section-no wpr-equal-height-no e-con e-child\" data-id=\"c11c9d8\" data-element_type=\"container\" data-e-type=\"container\">\n\t\t\t\t<div class=\"elementor-element elementor-element-dfb6c5e elementor-widget__width-initial elementor-widget elementor-widget-image\" data-id=\"dfb6c5e\" data-element_type=\"widget\" data-e-type=\"widget\" data-widget_type=\"image.default\">\n\t\t\t\t\t\t\t\t\t\t\t\t\t\t\t<img fetchpriority=\"high\" decoding=\"async\" width=\"1024\" height=\"683\" src=\"https:\/\/xn--yogazentrum-nrnberg-ibc.de\/wp-content\/uploads\/2025\/11\/Yoga-Zentrum-kreis-1024x683.png\" class=\"attachment-large size-large wp-image-2050\" alt=\"\" srcset=\"https:\/\/xn--yogazentrum-nrnberg-ibc.de\/wp-content\/uploads\/2025\/11\/Yoga-Zentrum-kreis-1024x683.png 1024w, https:\/\/xn--yogazentrum-nrnberg-ibc.de\/wp-content\/uploads\/2025\/11\/Yoga-Zentrum-kreis-300x200.png 300w, https:\/\/xn--yogazentrum-nrnberg-ibc.de\/wp-content\/uploads\/2025\/11\/Yoga-Zentrum-kreis-768x513.png 768w, https:\/\/xn--yogazentrum-nrnberg-ibc.de\/wp-content\/uploads\/2025\/11\/Yoga-Zentrum-kreis-1536x1025.png 1536w, https:\/\/xn--yogazentrum-nrnberg-ibc.de\/wp-content\/uploads\/2025\/11\/Yoga-Zentrum-kreis-2048x1367.png 2048w\" sizes=\"(max-width: 1024px) 100vw, 1024px\" \/>\t\t\t\t\t\t\t\t\t\t\t\t\t\t\t<\/div>\n\t\t\t\t<\/div>\n\t\t<div class=\"elementor-element elementor-element-93394d1 e-con-full e-flex wpr-particle-no wpr-jarallax-no wpr-parallax-no wpr-sticky-section-no wpr-equal-height-no e-con e-child\" data-id=\"93394d1\" data-element_type=\"container\" data-e-type=\"container\">\n\t\t<div class=\"elementor-element elementor-element-f1bb65e e-con-full e-flex wpr-particle-no wpr-jarallax-no wpr-parallax-no wpr-sticky-section-no wpr-equal-height-no e-con e-child\" data-id=\"f1bb65e\" data-element_type=\"container\" data-e-type=\"container\">\n\t\t\t\t<div class=\"elementor-element elementor-element-b25420f elementor-widget elementor-widget-heading\" data-id=\"b25420f\" data-element_type=\"widget\" data-e-type=\"widget\" data-widget_type=\"heading.default\">\n\t\t\t\t\t<h2 class=\"elementor-heading-title elementor-size-default\">50 Jahre Yoga-Zentrum N\u00fcrnberg \u2013 Geschichte, Tradition &amp; Wegbegleiter<\/h2>\t\t\t\t<\/div>\n\t\t\t\t<\/div>\n\t\t<div class=\"elementor-element elementor-element-2445f2b e-con-full e-flex wpr-particle-no wpr-jarallax-no wpr-parallax-no wpr-sticky-section-no wpr-equal-height-no e-con e-child\" data-id=\"2445f2b\" data-element_type=\"container\" data-e-type=\"container\">\n\t\t\t\t<div class=\"elementor-element elementor-element-85f5c8c elementor-widget__width-initial elementor-widget elementor-widget-text-editor\" data-id=\"85f5c8c\" data-element_type=\"widget\" data-e-type=\"widget\" data-widget_type=\"text-editor.default\">\n\t\t\t\t\t\t\t\t\t<p>Seit 1975 ist das Yoga-Zentrum N\u00fcrnberg ein Ort, an dem Menschen zur Ruhe kommen, Kraft sch\u00f6pfen und Yoga in seiner urspr\u00fcnglichen, authentischen Form erleben k\u00f6nnen.<br data-start=\"537\" data-end=\"540\" \/>Was damals als kleines Zentrum f\u00fcr klassischen Yoga begann, hat sich in f\u00fcnf Jahrzehnten zu einer festen Institution in N\u00fcrnberg entwickelt \u2013 getragen von einer klaren Tradition, hoher Qualit\u00e4t und einem tiefen Verst\u00e4ndnis f\u00fcr den Menschen in seiner Ganzheit.<\/p>\t\t\t\t\t\t\t\t<\/div>\n\t\t\t\t<\/div>\n\t\t\t\t<\/div>\n\t\t\t\t<\/div>\n\t\t<div class=\"elementor-element elementor-element-e9ed1ec e-flex e-con-boxed wpr-particle-no wpr-jarallax-no wpr-parallax-no wpr-sticky-section-no wpr-equal-height-no e-con e-parent\" data-id=\"e9ed1ec\" data-element_type=\"container\" data-e-type=\"container\">\n\t\t\t\t\t<div class=\"e-con-inner\">\n\t\t<div class=\"elementor-element elementor-element-c3fc51c e-con-full e-flex wpr-particle-no wpr-jarallax-no wpr-parallax-no wpr-sticky-section-no wpr-equal-height-no e-con e-child\" data-id=\"c3fc51c\" data-element_type=\"container\" data-e-type=\"container\">\n\t\t<div class=\"elementor-element elementor-element-b97ace3 e-con-full e-flex wpr-particle-no wpr-jarallax-no wpr-parallax-no wpr-sticky-section-no wpr-equal-height-no e-con e-child\" data-id=\"b97ace3\" data-element_type=\"container\" data-e-type=\"container\">\n\t\t\t\t<div class=\"elementor-element elementor-element-aac0bd7 elementor-widget__width-initial elementor-widget elementor-widget-heading\" data-id=\"aac0bd7\" data-element_type=\"widget\" data-e-type=\"widget\" data-widget_type=\"heading.default\">\n\t\t\t\t\t<h2 class=\"elementor-heading-title elementor-size-default\">Unsere Wurzeln \u2013 wie alles begann<\/h2>\t\t\t\t<\/div>\n\t\t\t\t<\/div>\n\t\t<div class=\"elementor-element elementor-element-dd1b55c e-con-full e-flex wpr-particle-no wpr-jarallax-no wpr-parallax-no wpr-sticky-section-no wpr-equal-height-no e-con e-child\" data-id=\"dd1b55c\" data-element_type=\"container\" data-e-type=\"container\">\n\t\t\t\t<div class=\"elementor-element elementor-element-85db235 elementor-widget__width-initial elementor-widget-mobile__width-initial elementor-widget elementor-widget-text-editor\" data-id=\"85db235\" data-element_type=\"widget\" data-e-type=\"widget\" data-widget_type=\"text-editor.default\">\n\t\t\t\t\t\t\t\t\t<p data-start=\"848\" data-end=\"1203\">Die Geschichte des Yoga-Zentrums ist eng mit <strong data-start=\"893\" data-end=\"910\">Gerhard Unger<\/strong> verbunden.<br data-start=\"921\" data-end=\"924\" \/>Nach seiner zweij\u00e4hrigen Ausbildung bei <strong data-start=\"964\" data-end=\"989\">Dr. Jayadeva Yogendra<\/strong> \u2013 dem Sohn des ber\u00fchmten Sri Yogendra \u2013 kehrte er 1973 aus Indien zur\u00fcck. Sri Yogendra gilt als Pionier der modernen Yogarenaissance und betonte die Einfachheit, Achtsamkeit und die \u201eweniger ist mehr\u201c-Philosophie.<\/p><p data-start=\"1205\" data-end=\"1491\">Zwei Jahre sp\u00e4ter, 1975, gr\u00fcndete Gerhard Unger das damalige \u201eZentrum f\u00fcr klassischen Yoga\u201c in N\u00fcrnberg. Mit viel Hingabe, profundem Wissen und einer klaren Ausrichtung an Patanjalis klassischer Yoga-Philosophie legte er den Grundstein f\u00fcr eine Yogaschule, die bis heute Ma\u00dfst\u00e4be setzt.<\/p><p data-start=\"1493\" data-end=\"1669\">Nach seinem Tod im Jahr 1989 wurde das <strong data-start=\"1532\" data-end=\"1563\">Yoga-Zentrum N\u00fcrnberg e. V.<\/strong> gegr\u00fcndet \u2013 ein gemeinn\u00fctziger Verein, der seine Arbeit weiterf\u00fchrte und durch neue Lehrende bereicherte.<\/p>\t\t\t\t\t\t\t\t<\/div>\n\t\t\t\t<\/div>\n\t\t\t\t<\/div>\n\t\t\t\t<div class=\"elementor-element elementor-element-362f167 elementor-widget__width-initial elementor-widget elementor-widget-image\" data-id=\"362f167\" data-element_type=\"widget\" data-e-type=\"widget\" data-widget_type=\"image.default\">\n\t\t\t\t\t\t\t\t\t\t\t\t\t\t\t<img decoding=\"async\" width=\"448\" height=\"627\" src=\"https:\/\/xn--yogazentrum-nrnberg-ibc.de\/wp-content\/uploads\/2025\/11\/gerhart-unger.png\" class=\"attachment-medium_large size-medium_large wp-image-2055\" alt=\"\" srcset=\"https:\/\/xn--yogazentrum-nrnberg-ibc.de\/wp-content\/uploads\/2025\/11\/gerhart-unger.png 448w, https:\/\/xn--yogazentrum-nrnberg-ibc.de\/wp-content\/uploads\/2025\/11\/gerhart-unger-214x300.png 214w\" sizes=\"(max-width: 448px) 100vw, 448px\" \/>\t\t\t\t\t\t\t\t\t\t\t\t\t\t\t<\/div>\n\t\t\t\t\t<\/div>\n\t\t\t\t<\/div>\n\t\t<div class=\"elementor-element elementor-element-a9be1d7 e-flex e-con-boxed wpr-particle-no wpr-jarallax-no wpr-parallax-no wpr-sticky-section-no wpr-equal-height-no e-con e-parent\" data-id=\"a9be1d7\" data-element_type=\"container\" data-e-type=\"container\">\n\t\t\t\t\t<div class=\"e-con-inner\">\n\t\t<div class=\"elementor-element elementor-element-6df8b26 e-con-full e-flex wpr-particle-no wpr-jarallax-no wpr-parallax-no wpr-sticky-section-no wpr-equal-height-no e-con e-child\" data-id=\"6df8b26\" data-element_type=\"container\" data-e-type=\"container\">\n\t\t\t\t<div class=\"elementor-element elementor-element-b96380d elementor-widget__width-initial elementor-widget elementor-widget-image\" data-id=\"b96380d\" data-element_type=\"widget\" data-e-type=\"widget\" data-widget_type=\"image.default\">\n\t\t\t\t\t\t\t\t\t\t\t\t\t\t\t<img decoding=\"async\" width=\"1024\" height=\"683\" src=\"https:\/\/xn--yogazentrum-nrnberg-ibc.de\/wp-content\/uploads\/2025\/11\/Yoga-Zentrum-010-1024x683.png\" class=\"attachment-large size-large wp-image-2049\" alt=\"\" srcset=\"https:\/\/xn--yogazentrum-nrnberg-ibc.de\/wp-content\/uploads\/2025\/11\/Yoga-Zentrum-010-1024x683.png 1024w, https:\/\/xn--yogazentrum-nrnberg-ibc.de\/wp-content\/uploads\/2025\/11\/Yoga-Zentrum-010-300x200.png 300w, https:\/\/xn--yogazentrum-nrnberg-ibc.de\/wp-content\/uploads\/2025\/11\/Yoga-Zentrum-010-768x513.png 768w, https:\/\/xn--yogazentrum-nrnberg-ibc.de\/wp-content\/uploads\/2025\/11\/Yoga-Zentrum-010-1536x1025.png 1536w, https:\/\/xn--yogazentrum-nrnberg-ibc.de\/wp-content\/uploads\/2025\/11\/Yoga-Zentrum-010-2048x1367.png 2048w\" sizes=\"(max-width: 1024px) 100vw, 1024px\" \/>\t\t\t\t\t\t\t\t\t\t\t\t\t\t\t<\/div>\n\t\t\t\t<\/div>\n\t\t<div class=\"elementor-element elementor-element-956117f e-con-full e-flex wpr-particle-no wpr-jarallax-no wpr-parallax-no wpr-sticky-section-no wpr-equal-height-no e-con e-child\" data-id=\"956117f\" data-element_type=\"container\" data-e-type=\"container\">\n\t\t<div class=\"elementor-element elementor-element-9e7b8ee e-con-full e-flex wpr-particle-no wpr-jarallax-no wpr-parallax-no wpr-sticky-section-no wpr-equal-height-no e-con e-child\" data-id=\"9e7b8ee\" data-element_type=\"container\" data-e-type=\"container\">\n\t\t\t\t<div class=\"elementor-element elementor-element-edd9781 elementor-widget elementor-widget-heading\" data-id=\"edd9781\" data-element_type=\"widget\" data-e-type=\"widget\" data-widget_type=\"heading.default\">\n\t\t\t\t\t<h2 class=\"elementor-heading-title elementor-size-default\">Was uns ausmacht \u2013 Tradition &amp; Qualit\u00e4t<\/h2>\t\t\t\t<\/div>\n\t\t\t\t<div class=\"elementor-element elementor-element-a355c2d elementor-widget elementor-widget-text-editor\" data-id=\"a355c2d\" data-element_type=\"widget\" data-e-type=\"widget\" data-widget_type=\"text-editor.default\">\n\t\t\t\t\t\t\t\t\t<p data-start=\"2486\" data-end=\"2612\">Unser Zentrum steht seit seiner Gr\u00fcndung f\u00fcr Verl\u00e4sslichkeit, Tiefe und eine besondere N\u00e4he zu den Menschen, die bei uns \u00fcben.<\/p>\t\t\t\t\t\t\t\t<\/div>\n\t\t\t\t<div class=\"elementor-element elementor-element-f29ee2c elementor-widget elementor-widget-heading\" data-id=\"f29ee2c\" data-element_type=\"widget\" data-e-type=\"widget\" data-widget_type=\"heading.default\">\n\t\t\t\t\t<h2 class=\"elementor-heading-title elementor-size-default\">Kleine Gruppen \u2013 gro\u00dfe Wirkung<\/h2>\t\t\t\t<\/div>\n\t\t\t\t<div class=\"elementor-element elementor-element-7011396 elementor-widget elementor-widget-text-editor\" data-id=\"7011396\" data-element_type=\"widget\" data-e-type=\"widget\" data-widget_type=\"text-editor.default\">\n\t\t\t\t\t\t\t\t\t<p>Wir unterrichten bewusst in Gruppen von 8\u201312 Personen.<br data-start=\"2713\" data-end=\"2716\" \/>So entsteht Raum f\u00fcr pers\u00f6nliche Begleitung, Vertrauen und eine Atmosph\u00e4re, in der \u00dcben mehr ist als reine Technik.<\/p>\t\t\t\t\t\t\t\t<\/div>\n\t\t\t\t<\/div>\n\t\t\t\t<\/div>\n\t\t\t\t\t<\/div>\n\t\t\t\t<\/div>\n\t\t<div class=\"elementor-element elementor-element-43af5b4 e-con-full e-flex wpr-particle-no wpr-jarallax-no wpr-parallax-no wpr-sticky-section-no wpr-equal-height-no e-con e-parent\" data-id=\"43af5b4\" data-element_type=\"container\" data-e-type=\"container\">\n\t\t<div class=\"elementor-element elementor-element-f05d0ec e-con-full e-flex wpr-particle-no wpr-jarallax-no wpr-parallax-no wpr-sticky-section-no wpr-equal-height-no e-con e-child\" data-id=\"f05d0ec\" data-element_type=\"container\" data-e-type=\"container\">\n\t\t<div class=\"elementor-element elementor-element-cad387e e-con-full e-flex wpr-particle-no wpr-jarallax-no wpr-parallax-no wpr-sticky-section-no wpr-equal-height-no e-con e-child\" data-id=\"cad387e\" data-element_type=\"container\" data-e-type=\"container\">\n\t\t\t\t<div class=\"elementor-element elementor-element-50ba767 elementor-widget__width-initial elementor-widget elementor-widget-heading\" data-id=\"50ba767\" data-element_type=\"widget\" data-e-type=\"widget\" data-widget_type=\"heading.default\">\n\t\t\t\t\t<h2 class=\"elementor-heading-title elementor-size-default\">Feste Kursstrukturen<\/h2>\t\t\t\t<\/div>\n\t\t\t\t<div class=\"elementor-element elementor-element-7d8ceb0 elementor-widget__width-initial elementor-widget elementor-widget-text-editor\" data-id=\"7d8ceb0\" data-element_type=\"widget\" data-e-type=\"widget\" data-widget_type=\"text-editor.default\">\n\t\t\t\t\t\t\t\t\t<p data-start=\"2864\" data-end=\"3025\">Regelm\u00e4\u00dfige Kurse mit festen Lehrenden schaffen Kontinuit\u00e4t, Vertrautheit und eine stabile \u00dcbungspraxis. Erg\u00e4nzend bieten wir ein vielseitiges Zusatzprogramm an.<\/p>\t\t\t\t\t\t\t\t<\/div>\n\t\t\t\t<div class=\"elementor-element elementor-element-c5faefc elementor-widget elementor-widget-heading\" data-id=\"c5faefc\" data-element_type=\"widget\" data-e-type=\"widget\" data-widget_type=\"heading.default\">\n\t\t\t\t\t<h2 class=\"elementor-heading-title elementor-size-default\">Fundierte Ausbildungen<\/h2>\t\t\t\t<\/div>\n\t\t\t\t<div class=\"elementor-element elementor-element-d2b4c57 elementor-widget__width-initial elementor-widget elementor-widget-text-editor\" data-id=\"d2b4c57\" data-element_type=\"widget\" data-e-type=\"widget\" data-widget_type=\"text-editor.default\">\n\t\t\t\t\t\t\t\t\t<p data-start=\"3060\" data-end=\"3241\">Alle Yoga-Lehrenden im Zentrum verf\u00fcgen \u00fcber viele Jahre Erfahrung und umfangreiche Ausbildungen, u. a. beim BDY, der Iyengar-Yoga-Vereinigung oder am eigenen Yoga-Zentrum N\u00fcrnberg.<\/p>\t\t\t\t\t\t\t\t<\/div>\n\t\t\t\t<\/div>\n\t\t\t\t<\/div>\n\t\t<div class=\"elementor-element elementor-element-b94b7b1 e-con-full e-flex wpr-particle-no wpr-jarallax-no wpr-parallax-no wpr-sticky-section-no wpr-equal-height-no e-con e-child\" data-id=\"b94b7b1\" data-element_type=\"container\" data-e-type=\"container\">\n\t\t\t\t<div class=\"elementor-element elementor-element-13ae468 elementor-widget__width-initial elementor-widget elementor-widget-image\" data-id=\"13ae468\" data-element_type=\"widget\" data-e-type=\"widget\" data-widget_type=\"image.default\">\n\t\t\t\t\t\t\t\t\t\t\t\t\t\t\t<img loading=\"lazy\" decoding=\"async\" width=\"1024\" height=\"683\" src=\"https:\/\/xn--yogazentrum-nrnberg-ibc.de\/wp-content\/uploads\/2025\/11\/Yoga-Zentrum-074-1024x683.png\" class=\"attachment-large size-large wp-image-2048\" alt=\"\" srcset=\"https:\/\/xn--yogazentrum-nrnberg-ibc.de\/wp-content\/uploads\/2025\/11\/Yoga-Zentrum-074-1024x683.png 1024w, https:\/\/xn--yogazentrum-nrnberg-ibc.de\/wp-content\/uploads\/2025\/11\/Yoga-Zentrum-074-300x200.png 300w, https:\/\/xn--yogazentrum-nrnberg-ibc.de\/wp-content\/uploads\/2025\/11\/Yoga-Zentrum-074-768x513.png 768w, https:\/\/xn--yogazentrum-nrnberg-ibc.de\/wp-content\/uploads\/2025\/11\/Yoga-Zentrum-074-1536x1025.png 1536w, https:\/\/xn--yogazentrum-nrnberg-ibc.de\/wp-content\/uploads\/2025\/11\/Yoga-Zentrum-074-2048x1367.png 2048w\" sizes=\"(max-width: 1024px) 100vw, 1024px\" \/>\t\t\t\t\t\t\t\t\t\t\t\t\t\t\t<\/div>\n\t\t\t\t<\/div>\n\t\t\t\t<\/div>\n\t\t<div class=\"elementor-element elementor-element-a497955 e-flex e-con-boxed wpr-particle-no wpr-jarallax-no wpr-parallax-no wpr-sticky-section-no wpr-equal-height-no e-con e-parent\" data-id=\"a497955\" data-element_type=\"container\" data-e-type=\"container\">\n\t\t\t\t\t<div class=\"e-con-inner\">\n\t\t<div class=\"elementor-element elementor-element-4bddeeb e-con-full e-flex wpr-particle-no wpr-jarallax-no wpr-parallax-no wpr-sticky-section-no wpr-equal-height-no e-con e-child\" data-id=\"4bddeeb\" data-element_type=\"container\" data-e-type=\"container\">\n\t\t\t\t<div class=\"elementor-element elementor-element-6f166be elementor-widget__width-initial elementor-widget elementor-widget-image\" data-id=\"6f166be\" data-element_type=\"widget\" data-e-type=\"widget\" data-widget_type=\"image.default\">\n\t\t\t\t\t\t\t\t\t\t\t\t\t\t\t<img loading=\"lazy\" decoding=\"async\" width=\"1024\" height=\"683\" src=\"https:\/\/xn--yogazentrum-nrnberg-ibc.de\/wp-content\/uploads\/2025\/11\/Yoga-Zentrum-111-1024x683.png\" class=\"attachment-large size-large wp-image-2046\" alt=\"\" srcset=\"https:\/\/xn--yogazentrum-nrnberg-ibc.de\/wp-content\/uploads\/2025\/11\/Yoga-Zentrum-111-1024x683.png 1024w, https:\/\/xn--yogazentrum-nrnberg-ibc.de\/wp-content\/uploads\/2025\/11\/Yoga-Zentrum-111-300x200.png 300w, https:\/\/xn--yogazentrum-nrnberg-ibc.de\/wp-content\/uploads\/2025\/11\/Yoga-Zentrum-111-768x513.png 768w, https:\/\/xn--yogazentrum-nrnberg-ibc.de\/wp-content\/uploads\/2025\/11\/Yoga-Zentrum-111-1536x1025.png 1536w, https:\/\/xn--yogazentrum-nrnberg-ibc.de\/wp-content\/uploads\/2025\/11\/Yoga-Zentrum-111-2048x1367.png 2048w\" sizes=\"(max-width: 1024px) 100vw, 1024px\" \/>\t\t\t\t\t\t\t\t\t\t\t\t\t\t\t<\/div>\n\t\t\t\t<\/div>\n\t\t<div class=\"elementor-element elementor-element-8686838 e-con-full e-flex wpr-particle-no wpr-jarallax-no wpr-parallax-no wpr-sticky-section-no wpr-equal-height-no e-con e-child\" data-id=\"8686838\" data-element_type=\"container\" data-e-type=\"container\">\n\t\t<div class=\"elementor-element elementor-element-1531b20 e-con-full e-flex wpr-particle-no wpr-jarallax-no wpr-parallax-no wpr-sticky-section-no wpr-equal-height-no e-con e-child\" data-id=\"1531b20\" data-element_type=\"container\" data-e-type=\"container\">\n\t\t\t\t<div class=\"elementor-element elementor-element-a4ed2d2 elementor-widget elementor-widget-heading\" data-id=\"a4ed2d2\" data-element_type=\"widget\" data-e-type=\"widget\" data-widget_type=\"heading.default\">\n\t\t\t\t\t<h2 class=\"elementor-heading-title elementor-size-default\">Ein Zuhause in der Rosenau<\/h2>\t\t\t\t<\/div>\n\t\t\t\t<\/div>\n\t\t<div class=\"elementor-element elementor-element-cccc37c e-con-full e-flex wpr-particle-no wpr-jarallax-no wpr-parallax-no wpr-sticky-section-no wpr-equal-height-no e-con e-child\" data-id=\"cccc37c\" data-element_type=\"container\" data-e-type=\"container\">\n\t\t\t\t<div class=\"elementor-element elementor-element-4ae6a5b elementor-widget__width-initial elementor-widget-mobile__width-initial elementor-widget elementor-widget-text-editor\" data-id=\"4ae6a5b\" data-element_type=\"widget\" data-e-type=\"widget\" data-widget_type=\"text-editor.default\">\n\t\t\t\t\t\t\t\t\t<p data-start=\"3280\" data-end=\"3435\">Seit dem 1. August 1983 liegt unser Zentrum im Herzen der N\u00fcrnberger Rosenau \u2013 einem Viertel, dessen besonderer Geist unsere Arbeit seit Jahrzehnten tr\u00e4gt.<\/p><p data-start=\"3437\" data-end=\"3675\">2018 kam ein zweiter Standort hinzu, in der Hessestra\u00dfe 4.<br data-start=\"3495\" data-end=\"3498\" \/>Aufgrund der stark gestiegenen Energiekosten mussten wir ihn Anfang 2023 schweren Herzens schlie\u00dfen.<br data-start=\"3598\" data-end=\"3601\" \/>Unsere Werte und unsere Verbundenheit mit der Rosenau aber sind geblieben.<\/p>\t\t\t\t\t\t\t\t<\/div>\n\t\t\t\t<\/div>\n\t\t\t\t<\/div>\n\t\t\t\t\t<\/div>\n\t\t\t\t<\/div>\n\t\t<div class=\"elementor-element elementor-element-7d1b51a e-flex e-con-boxed wpr-particle-no wpr-jarallax-no wpr-parallax-no wpr-sticky-section-no wpr-equal-height-no e-con e-parent\" data-id=\"7d1b51a\" data-element_type=\"container\" data-e-type=\"container\">\n\t\t\t\t\t<div class=\"e-con-inner\">\n\t\t\t\t\t<\/div>\n\t\t\t\t<\/div>\n\t\t\t\t<\/div>\n\t\t","protected":false},"excerpt":{"rendered":"<p>50 Jahre Yoga-Zentrum N\u00fcrnberg \u2013 Geschichte, Tradition &amp; Wegbegleiter Seit 1975 ist das Yoga-Zentrum N\u00fcrnberg ein Ort, an dem Menschen zur Ruhe kommen, Kraft sch\u00f6pfen und Yoga in seiner urspr\u00fcnglichen, authentischen Form erleben k\u00f6nnen.Was damals als kleines Zentrum f\u00fcr klassischen Yoga begann, hat sich in f\u00fcnf Jahrzehnten zu einer festen Institution in N\u00fcrnberg entwickelt \u2013 getragen von einer klaren Tradition, hoher Qualit\u00e4t und einem tiefen Verst\u00e4ndnis f\u00fcr den Menschen in seiner Ganzheit. Unsere Wurzeln \u2013 wie alles begann Die Geschichte des Yoga-Zentrums ist eng mit Gerhard Unger verbunden.Nach seiner zweij\u00e4hrigen Ausbildung bei Dr. Jayadeva Yogendra \u2013 dem Sohn des ber\u00fchmten Sri Yogendra \u2013 kehrte er 1973 aus Indien zur\u00fcck. Sri Yogendra gilt als Pionier der modernen Yogarenaissance und betonte die Einfachheit, Achtsamkeit und die \u201eweniger ist mehr\u201c-Philosophie. Zwei Jahre sp\u00e4ter, 1975, gr\u00fcndete Gerhard Unger das damalige \u201eZentrum f\u00fcr klassischen Yoga\u201c in N\u00fcrnberg. Mit viel Hingabe, profundem Wissen und einer klaren Ausrichtung an Patanjalis klassischer Yoga-Philosophie legte er den Grundstein f\u00fcr eine Yogaschule, die bis heute Ma\u00dfst\u00e4be setzt. Nach seinem Tod im Jahr 1989 wurde das Yoga-Zentrum N\u00fcrnberg e. V. gegr\u00fcndet \u2013 ein gemeinn\u00fctziger Verein, der seine Arbeit weiterf\u00fchrte und durch neue Lehrende bereicherte. Was uns ausmacht \u2013 Tradition &amp; Qualit\u00e4t Unser Zentrum steht seit seiner Gr\u00fcndung f\u00fcr Verl\u00e4sslichkeit, Tiefe und eine besondere N\u00e4he zu den Menschen, die bei uns \u00fcben. Kleine Gruppen \u2013 gro\u00dfe Wirkung Wir unterrichten bewusst in Gruppen von 8\u201312 Personen.So entsteht Raum f\u00fcr pers\u00f6nliche Begleitung, Vertrauen und eine Atmosph\u00e4re, in der \u00dcben mehr ist als reine Technik. Feste Kursstrukturen Regelm\u00e4\u00dfige Kurse mit festen Lehrenden schaffen Kontinuit\u00e4t, Vertrautheit und eine stabile \u00dcbungspraxis. Erg\u00e4nzend bieten wir ein vielseitiges Zusatzprogramm an. Fundierte Ausbildungen Alle Yoga-Lehrenden im Zentrum verf\u00fcgen \u00fcber viele Jahre Erfahrung und umfangreiche Ausbildungen, u. a. beim BDY, der Iyengar-Yoga-Vereinigung oder am eigenen Yoga-Zentrum N\u00fcrnberg. Ein Zuhause in der Rosenau Seit dem 1. August 1983 liegt unser Zentrum im Herzen der N\u00fcrnberger Rosenau \u2013 einem Viertel, dessen besonderer Geist unsere Arbeit seit Jahrzehnten tr\u00e4gt. 2018 kam ein zweiter Standort hinzu, in der Hessestra\u00dfe 4.Aufgrund der stark gestiegenen Energiekosten mussten wir ihn Anfang 2023 schweren Herzens schlie\u00dfen.Unsere Werte und unsere Verbundenheit mit der Rosenau aber sind geblieben.<\/p>\n","protected":false},"author":1,"featured_media":0,"parent":0,"menu_order":0,"comment_status":"closed","ping_status":"closed","template":"elementor_header_footer","meta":{"site-sidebar-layout":"default","site-content-layout":"","ast-site-content-layout":"default","site-content-style":"default","site-sidebar-style":"default","ast-global-header-display":"","ast-banner-title-visibility":"","ast-main-header-display":"","ast-hfb-above-header-display":"","ast-hfb-below-header-display":"","ast-hfb-mobile-header-display":"","site-post-title":"disabled","ast-breadcrumbs-content":"","ast-featured-img":"","footer-sml-layout":"","theme-transparent-header-meta":"","adv-header-id-meta":"","stick-header-meta":"","header-above-stick-meta":"","header-main-stick-meta":"","header-below-stick-meta":"","astra-migrate-meta-layouts":"default","ast-page-background-enabled":"default","ast-page-background-meta":{"desktop":{"background-color":"var(--ast-global-color-5)","background-image":"","background-repeat":"repeat","background-position":"center center","background-size":"auto","background-attachment":"scroll","background-type":"","background-media":"","overlay-type":"","overlay-color":"","overlay-opacity":"","overlay-gradient":""},"tablet":{"background-color":"","background-image":"","background-repeat":"repeat","background-position":"center center","background-size":"auto","background-attachment":"scroll","background-type":"","background-media":"","overlay-type":"","overlay-color":"","overlay-opacity":"","overlay-gradient":""},"mobile":{"background-color":"","background-image":"","background-repeat":"repeat","background-position":"center center","background-size":"auto","background-attachment":"scroll","background-type":"","background-media":"","overlay-type":"","overlay-color":"","overlay-opacity":"","overlay-gradient":""}},"ast-content-background-meta":{"desktop":{"background-color":"var(--ast-global-color-4)","background-image":"","background-repeat":"repeat","background-position":"center center","background-size":"auto","background-attachment":"scroll","background-type":"","background-media":"","overlay-type":"","overlay-color":"","overlay-opacity":"","overlay-gradient":""},"tablet":{"background-color":"var(--ast-global-color-4)","background-image":"","background-repeat":"repeat","background-position":"center center","background-size":"auto","background-attachment":"scroll","background-type":"","background-media":"","overlay-type":"","overlay-color":"","overlay-opacity":"","overlay-gradient":""},"mobile":{"background-color":"var(--ast-global-color-4)","background-image":"","background-repeat":"repeat","background-position":"center center","background-size":"auto","background-attachment":"scroll","background-type":"","background-media":"","overlay-type":"","overlay-color":"","overlay-opacity":"","overlay-gradient":""}},"footnotes":""},"class_list":["post-64","page","type-page","status-publish","hentry"],"_links":{"self":[{"href":"https:\/\/xn--yogazentrum-nrnberg-ibc.de\/index.php?rest_route=\/wp\/v2\/pages\/64","targetHints":{"allow":["GET"]}}],"collection":[{"href":"https:\/\/xn--yogazentrum-nrnberg-ibc.de\/index.php?rest_route=\/wp\/v2\/pages"}],"about":[{"href":"https:\/\/xn--yogazentrum-nrnberg-ibc.de\/index.php?rest_route=\/wp\/v2\/types\/page"}],"author":[{"embeddable":true,"href":"https:\/\/xn--yogazentrum-nrnberg-ibc.de\/index.php?rest_route=\/wp\/v2\/users\/1"}],"replies":[{"embeddable":true,"href":"https:\/\/xn--yogazentrum-nrnberg-ibc.de\/index.php?rest_route=%2Fwp%2Fv2%2Fcomments&post=64"}],"version-history":[{"count":27,"href":"https:\/\/xn--yogazentrum-nrnberg-ibc.de\/index.php?rest_route=\/wp\/v2\/pages\/64\/revisions"}],"predecessor-version":[{"id":2112,"href":"https:\/\/xn--yogazentrum-nrnberg-ibc.de\/index.php?rest_route=\/wp\/v2\/pages\/64\/revisions\/2112"}],"wp:attachment":[{"href":"https:\/\/xn--yogazentrum-nrnberg-ibc.de\/index.php?rest_route=%2Fwp%2Fv2%2Fmedia&parent=64"}],"curies":[{"name":"wp","href":"https:\/\/api.w.org\/{rel}","templated":true}]}}